What is the remainder when 723 is divided by 29?
27
What is the remainder when 64 is divided by 33?
31
Calculate the remainder when 604 is divided by 3.
1
What is the remainder when 262 is divided by 6?
4
Calculate the remainder when 39 is divided by 15.
9
What is the remainder when 199 is divided by 61?
16
What is the remainder when 77 is divided by 17?
9
What is the remainder when 83 is divided by 14?
13
What is the remainder when 135 is divided by 13?
5
Calculate the remainder when 155 is divided by 54.
47
Calculate the remainder when 402 is divided by 119.
45
Calculate the remainder when 237 is divided by 52.
29
Calculate the remainder when 811 is divided by 294.
223
What is the remainder when 780 is divided by 16?
12
What is the remainder when 15 is divided by 7?
1
Calculate the remainder when 225 is divided by 62.
39
What is the remainder when 582 is divided by 129?
66
Calculate the remainder when 190 is divided by 32.
30
Calculate the remainder when 84 is divided by 33.
18
Calculate the remainder when 718 is divided by 60.
58
What is the remainder when 7559 is divided by 135?
134
Calculate the remainder when 1374 is divided by 77.
65
Calculate the remainder when 3718 is divided by 6.
4
What is the remainder when 357 is divided by 103?
48
Calculate the remainder when 1019 is divided by 80.
59
Calculate the remainder when 526 is divided by 10.
6
What is the remainder when 2967 is divided by 198?
195
Calculate the remainder when 974 is divided by 69.
8
Calculate the remainder when 161 is divided by 47.
20
What is the remainder when 230 is divided by 77?
76
Calculate the remainder when 87 is divided by 15.
12
Calculate the remainder when 2890 is divided by 955.
25
Calculate the remainder when 301 is divided by 34.
29
Calculate the remainder when 123 is divided by 67.
56
What is the remainder when 498 is divided by 25?
23
What is the remainder when 1016 is divided by 15?
11
What is the remainder when 120 is divided by 61?
59
What is the remainder when 5762 is divided by 1437?
14
Calculate the remainder when 1823 is divided by 19.
18
Calculate the remainder when 106 is divided by 100.
6
Calculate the remainder when 126 is divided by 19.
12
What is the remainder when 715 is divided by 30?
25
What is the remainder when 51 is divided by 21?
9
Calculate the remainder when 1725 is divided by 22.
9
Calculate the remainder when 133 is divided by 70.
63
Calculate the remainder when 3857 is divided by 10.
7
Calculate the remainder when 114 is divided by 93.
21
Calculate the remainder when 457 is divided by 268.
189
What is the remainder when 915 is divided by 17?
14
Calculate the remainder when 841 is divided by 178.
129
Calculate the remainder when 2353 is divided by 84.
1
What is the remainder when 609 is divided by 22?
15
Calculate the remainder when 256 is divided by 228.
28
What is the remainder when 1036 is divided by 52?
48
What is the remainder when 2532 is divided by 195?
192
What is the remainder when 508 is divided by 84?
4
Calculate the remainder when 739 is divided by 57.
55
What is the remainder when 107 is divided by 21?
2
Calculate the remainder when 830 is divided by 52.
50
What is the remainder when 1111 is divided by 33?
22
Calculate the remainder when 957 is divided by 80.
77
What is the remainder when 84 is divided by 81?
3
Calculate the remainder when 6 is divided by 2.
0
What is the remainder when 257 is divided by 54?
41
Calculate the remainder when 515 is divided by 6.
5
Calculate the remainder when 490 is divided by 31.
25
Calculate the remainder when 566 is divided by 71.
69
Calculate the remainder when 244 is divided by 80.
4
Calculate the remainder when 239 is divided by 84.
71
What is the remainder when 235 is divided by 60?
55
What is the remainder when 680 is divided by 57?
53
Calculate the remainder when 249 is divided by 36.
33
What is the remainder when 293 is divided by 151?
142
What is the remainder when 385 is divided by 49?
42
Calculate the remainder when 107 is divided by 14.
9
Calculate the remainder when 232 is divided by 231.
1
Calculate the remainder when 2241 is divided by 740.
21
What is the remainder when 6136 is divided by 93?
91
What is the remainder when 186 is divided by 44?
10
Calculate the remainder when 1099 is divided by 168.
91
What is the remainder when 102 is divided by 54?
48
What is the remainder when 61 is divided by 10?
1
What is the remainder when 439 is divided by 11?
10
Calculate the remainder when 51 is divided by 25.
1
Calculate the remainder when 534 is divided by 90.
84
What is the remainder when 241 is divided by 83?
75
Calculate the remainder when 16 is divided by 16.
0
Calculate the remainder when 1749 is divided by 866.
17
Calculate the remainder when 401 is divided by 394.
7
What is the remainder when 147 is divided by 51?
45
Calculate the remainder when 1256 is divided by 126.
122
What is the remainder when 1121 is divided by 17?
16
Calculate the remainder when 958 is divided by 24.
22
What is the remainder when 697 is divided by 239?
219
Calculate the remainder when 7195 is divided by 37.
17
What is the remainder when 130 is divided by 27?
22
Calculate the remainder when 36 is divided by 22.
14
Calculate the remainder when 411 is divided by 46.
43
What is the remainder when 513 is divided by 262?
251
What is the remainder when 687 is divided by 13?
11
Calculate the remainder when 92 is divided by 33.
26
Calculate the remainder when 311 is divided by 189.
122
Calculate the remainder when 137 is divided by 60.
17
Calculate the remainder when 412 is divided by 39.
22
What is the remainder when 2677 is divided by 667?
9
Calculate the remainder when 1104 is divided by 13.
12
Calculate the remainder when 18 is divided by 15.
3
What is the remainder when 914 is divided by 132?
122
Calculate the remainder when 1484 is divided by 24.
20
Calculate the remainder when 153 is divided by 10.
3
Calculate the remainder when 779 is divided by 95.
19
What is the remainder when 421 is divided by 17?
13
What is the remainder when 315 is divided by 113?
89
What is the remainder when 60 is divided by 1?
0
Calculate the remainder when 404 is divided by 65.
14
What is the remainder when 311 is divided by 16?
7
Calculate the remainder when 67 is divided by 6.
1
What is the remainder when 38 is divided by 4?
2
What is the remainder when 1733 is divided by 37?
31
Calculate the remainder when 9 is divided by 5.
4
What is the remainder when 1692 is divided by 34?
26
What is the remainder when 115 is divided by 15?
10
What is the remainder when 6751 is divided by 22?
19
Calculate the remainder when 733 is divided by 123.
118
Calculate the remainder when 317 is divided by 81.
74
What is the remainder when 429 is divided by 45?
24
Calculate the remainder when 1561 is divided by 58.
53
What is the remainder when 272 is divided by 58?
40
What is the remainder when 717 is divided by 9?
6
Calculate the remainder when 357 is divided by 74.
61
Calculate the remainder when 1018 is divided by 115.
98
Calculate the remainder when 300 is divided by 63.
48
Calculate the remainder when 418 is divided by 68.
10
What is the remainder when 604 is divided by 88?
76
Calculate the remainder when 3597 is divided by 16.
13
What is the remainder when 520 is divided by 38?
26
What is the remainder when 1805 is divided by 258?
257
Calculate the remainder when 510 is divided by 308.
202
Calculate the remainder when 27 is divided by 19.
8
What is the remainder when 123 is divided by 28?
11
What is the remainder when 307 is divided by 73?
15
What is the remainder when 6087 is divided by 174?
171
Calculate the remainder when 3238 is divided by 90.
88
What is the remainder when 904 is divided by 43?
1
What is the remainder when 4809 is divided by 26?
25
What is the remainder when 60 is divided by 11?
5
What is the remainder when 104 is divided by 33?
5
Calculate the remainder when 497 is divided by 214.
69
Calculate the remainder when 280 is divided by 6.
4
Calculate the remainder when 67 is divided by 5.
2
Calculate the remainder when 568 is divided by 26.
22
Calculate the remainder when 41198 is divided by 25.
23
Calculate the remainder when 1260 is divided by 311.
16
Calculate the remainder when 131 is divided by 15.
11
What is